 2100 (base 3) in base 10?
63
What is -105 (base 7) in base 4?
-312
-5 (base 11) to base 10
-5
101 (base 2) to base 10
5
What is 6 (base 12) in base 6?
10
Convert -10 (base 2) to base 5.
-2
27 (base 11) to base 6
45
2 (base 7) to base 10
2
Convert 16 (base 10) to base 2.
10000
Convert 110 (base 5) to base 3.
1010
What is -1013 (base 4) in base 12?
-5b
Convert 6 (base 7) to base 8.
6
Convert 4 (base 12) to base 11.
4
Convert 12 (base 7) to base 6.
13
Convert 12 (base 15) to base 6.
25
-9 (base 15) to base 13
-9
Convert 4 (base 10) to base 2.
100
What is -3 (base 9) in base 13?
-3
What is -30 (base 6) in base 9?
-20
What is -69 (base 15) in base 7?
-201
What is 310 (base 5) in base 3?
2222
What is -115 (base 8) in base 15?
-52
5 (base 15) to base 12
5
Convert 110001 (base 2) to base 16.
31
0 (base 7) to base 9
0
What is 8 (base 13) in base 3?
22
-47 (base 15) to base 6
-151
10a (base 15) to base 16
eb
What is 9 (base 12) in base 3?
100
Convert 4 (base 8) to base 3.
11
-3 (base 15) to base 14
-3
-6 (base 14) to base 4
-12
Convert -c (base 16) to base 4.
-30
-233 (base 9) to base 13
-11a
3 (base 8) to base 14
3
Convert 7 (base 13) to base 15.
7
Convert -35 (base 12) to base 11.
-38
What is -c (base 14) in base 6?
-20
Convert 27 (base 10) to base 3.
1000
What is 38 (base 14) in base 13?
3b
What is 4 (base 8) in base 13?
4
100001 (base 2) to base 11
30
What is -78 (base 9) in base 2?
-1000111
What is 101 (base 14) in base 2?
11000101
Convert -16 (base 14) to base 11.
-19
Convert 1 (base 3) to base 7.
1
What is -1 (base 12) in base 5?
-1
-4 (base 14) to base 3
-11
2 (base 8) to base 7
2
What is -95 (base 11) in base 15?
-6e
What is 10 (base 11) in base 9?
12
Convert -3 (base 12) to base 13.
-3
Convert -2 (base 8) to base 16.
-2
-4 (base 6) to base 8
-4
What is -51 (base 6) in base 10?
-31
Convert 2102 (base 3) to base 7.
122
Convert 2 (base 14) to base 5.
2
Convert -20 (base 9) to base 16.
-12
-19 (base 11) to base 12
-18
Convert 11 (base 12) to base 8.
15
What is -1 (base 11) in base 14?
-1
3 (base 10) to base 11
3
-23 (base 8) to base 10
-19
What is -12 (base 8) in base 9?
-11
61 (base 11) to base 12
57
-157 (base 16) to base 9
-421
Convert -100011 (base 2) to base 6.
-55
a (base 11) to base 5
20
Convert 2 (base 10) to base 13.
2
1 (base 15) to base 4
1
-1012 (base 3) to base 9
-35
What is -1 (base 5) in base 10?
-1
Convert 20 (base 5) to base 13.
a
What is 101101 (base 2) in base 11?
41
What is 11101 (base 3) in base 13?
91
What is -41 (base 12) in base 16?
-31
What is -320 (base 7) in base 3?
-12222
What is -20 (base 6) in base 9?
-13
What is -111 (base 2) in base 7?
-10
16 (base 13) to base 15
14
142 (base 5) to base 13
38
What is -10 (base 7) in base 8?
-7
What is 21 (base 12) in base 13?
1c
Convert 201 (base 4) to base 7.
45
What is -5 (base 12) in base 3?
-12
Convert 11011111 (base 2) to base 12.
167
20 (base 3) to base 2
110
-315 (base 8) to base 16
-cd
Convert -22 (base 6) to base 15.
-e
Convert 113 (base 10) to base 12.
95
Convert 1 (base 13) to base 7.
1
-90 (base 12) to base 16
-6c
Convert 6 (base 16) to base 3.
20
26 (base 16) to base 5
123
3a (base 12) to base 3
1201
Convert 102 (base 4) to base 5.
33
-12 (base 4) to base 11
-6
Convert -4 (base 7) to base 4.
-10
What is 1001 (base 2) in base 15?
9
3 (base 5) to base 16
3
Convert -85 (base 10) to base 12.
-71
11 (base 10) to base 11
10
-5 (base 9) to base 4
-11
Convert -15 (base 11) to base 8.
-20
Convert -5 (base 15) to base 13.
-5
Convert -5 (base 11) to base 9.
-5
Convert -5 (base 16) to base 5.
-10
1 (base 8) to base 12
1
What is 35 (base 11) in base 9?
42
What is -15 (base 7) in base 10?
-12
What is -1023 (base 4) in base 12?
-63
21002 (base 3) to base 6
515
5 (base 14) to base 11
5
What is -4 (base 8) in base 10?
-4
-30 (base 4) to base 13
-c
Convert 4 (base 11) to base 14.
4
-2 (base 11) to base 7
-2
What is -1 (base 4) in base 3?
-1
Convert -2 (base 10) to base 15.
-2
Convert 13 (base 5) to base 13.
8
What is 2 (base 8) in base 11?
2
-a (base 14) to base 9
-11
Convert -61 (base 12) to base 6.
-201
What is -3 (base 11) in base 5?
-3
What is -10010 (base 2) in base 7?
-24
-8 (base 14) to base 10
-8
2 (base 3) to base 8
2
What is -10 (base 8) in base 10?
-8
-4 (base 6) to base 12
-4
-4 (base 13) to base 11
-4
Convert -2 (base 9) to base 3.
-2
What is -2 (base 11) in base 12?
-2
b (base 12) to base 11
10
131 (base 4) to base 14
21
-21 (base 16) to base 2
-100001
Convert 9 (base 10) to base 16.
9
-b (base 16) to base 9
-12
9 (base 14) to base 10
9
-101 (base 2) to base 16
-5
44 (base 6) to base 4
130
Convert 16 (base 13) to base 12.
17
-7c (base 14) to base 9
-132
58 (base 16) to base 4
1120
4a (base 14) to base 7
123
What is 2 (base 7) in base 2?
10
What is 10 (base 2) in base 7?
2
-bd (base 14) to base 7
-326
14 (base 10) to base 8
16
What is e (base 16) in base 2?
1110
What is -19 (base 11) in base 7?
-26
Convert 103 (base 12) to base 10.
147
-105 (base 9) to base 7
-152
Convert -8 (base 15) to base 9.
-8
-2 (base 4) to base 13
-2
Convert 24 (base 8) to base 12.
18
-1221 (base 3) to base 15
-37
What is -3 (base 13) in base 16?
-3
Convert -11 (base 2) to base 9.
-3
Convert 343 (base 5) to base 11.
8a
What is 110210 (base 3) in base 9?
423
-11011011 (base 2) to base 4
-3123
-111 (base 6) to base 11
-3a
Convert 10310 (base 4) to base 10.
308
3 (base 4) to base 6
3
Convert 46 (base 14) to base 6.
142
200 (base 4) to base 15
22
3 (base 5) to base 8
3
48 (base 15) to base 3
2112
What is -58 (base 10) in base 13?
-46
Convert -13 (base 5) to base 13.
-8
What is 123 (base 4) in base 5?
102
Convert -7 (base 9) to base 8.
-7
4 (base 13) to base 16
4
What is 210 (base 5) in base 4?
313
Convert -54 (base 6) to base 14.
-26
-5 (base 8) to base 2
-101
What is 120101 (base 3) in base 8?
637
What is 1 (base 10) in base 8?
1
What is -4 (base 16) in base 12?
-4
What is 501 (base 6) in base 10?
181
What is -4 (base 8) in base 14?
-4
What is -4 (base 16) in base 11?
-4
Convert -2 (base 15) to base 13.
-2
What is -2 (base 11) in base 13?
-2
-5 (base 15) to base 6
-5
Convert -9f (base 16) to base 7.
-315
What is 12 (base 12) in base 9?
15
What is -10010010 (base 2) in base 12?
-102
Convert 11 (base 16) to base 11.
16
Convert 2 (base 16) to base 13.
2
-14 (base 13) to base 16
-11
-1022 (base 3) to base 11
-32
-10 (base 5) to base 4
-11
What is 2 (base 9) in base 8?
2
Convert 2 (base 10) to base 6.
2
What is 73 (base 9) in base 4?
1002
What is 12 (base 5) in base 11?
7
Convert 101 (base 10) to base 3.
10202
Convert -102 (base 3) to base 8.
-13
-24 (base 9) to base 10
-22
Convert -2 (base 12) to base 15.
-2
-11 (base 5) to base 12
-6
-34 (base 11) to base 4
-211
1 (base 10) to base 13
1
Convert 3 (base 8) to base 10.
3
What is -2 (base 16) in base 9?
-2
-2111 (base 5) to base 11
-236
Convert 1 (base 13) to base 15.
1
-17 (base 10) to base 5
-32
What is -14 (base 9) in base 5?
-23
2 (base 14) to base 15
2
Convert 0 (base 14) to base 5.
0
What is 0 (base 16) in base 7?
0
Convert -16 (base 9) to base 11.
-14
Convert 330 (base 6) to base 2.
1111110
Convert -24 (base 8) to base 5.
-40
Convert 11 (base 5) to base 10.
6
Convert 11 (base 9) to base 6.
14
-52 (base 7) to base 15
-27
0 (base 6) to base 9
0
Convert 7 (base 16) to base 13.
7
Convert -2 (base 15) to base 6.
-2
79 (base 12) to base 9
113
Convert 2 (base 3) to base 15.
2
What is -33 (base 4) in base 15?
-10
What is -11 (base 8) in base 12?
-9
What is 33 (base 6) in base 16?
15
What is 6c (base 15) in base 10?
102
What is -22 (base 12) in base 15?
-1b
Convert 22 (base 9) to base 10.
20
Convert -1011 (base 2) to base 9.
-12
What is 56 (base 13) in base 4?
1013
-1001 (base 2) to base 11
-9
-100001 (base 2) to base 5
-113
What is 20 (base 12) in base 15?
19
14 (base 16) to base 8
24
Convert 320 (base 7) to base 14.
b7
21 (base 3) to base 13
7
2 (base 6) to base 5
2
100 (base 2) to base 4
10
What is c (base 16) in base 2?
1100
What is 57 (base 13) in base 2?
1001000
-11100011 (base 2) to base 3
-22102
What is -a (base 15) in base 11?
-a
What is 1 (base 10) in base 12?
1
3 (base 9) to base 7
3
-47 (base 14) to base 15
-43
Convert 13 (base 5) to base 9.
8
Convert -5 (base 8) to base 13.
-5
-1200 (base 5) to base 2
-10101111
What is -14 (base 7) in base 10?